ommon factor of j and q?
10
Let l(i) = -i**2 + 7*i - 6. Let m be l(5). What is the greatest common factor of 8 and m?
4
Let v(o) = -o**3 + 9*o**2 + o + 1. Let d be v(6). What is the highest common factor of d and 23?
23
Suppose 4*r - 284 = 288. Suppose -4*t + 40 + 12 = 0. Calculate the greatest common divisor of t and r.
13
Let z(r) = r + 2. Let m be z(-10). Let g = m + 24. Calculate the highest common factor of 2 and g.
2
Let c be (40/(-30))/(2/(-198)). What is the greatest common factor of 44 and c?
44
Suppose -k = -6*k + 1250. Calculate the highest common factor of k and 25.
25
Suppose x - 3*g = 3*x + 15, 4*x + 50 = -2*g. Let t be (-164)/(-20) - (-3)/x. Calculate the highest common factor of t and 8.
8
Suppose k + 27 = 4*k. Let l be (2 + 1)*6/k. Suppose -5*p + o + 26 = 0, 2*o + l*o + 14 = 2*p. What is the highest common factor of p and 15?
5
Let j(a) = -28*a - 78. Let k be j(-9). What is the highest common divisor of k and 29?
29
Suppose 2*b + b = 0. Let k(r) = -2*r + 16*r**2 + r + b*r. Let l be k(1). Calculate the greatest common factor of 15 and l.
15
Let f be ((-10)/30)/((-2)/72). What is the greatest common factor of f and 3?
3
Let l = -159 - -222. What is the highest common divisor of 14 and l?
7
Let r(t) = -2*t**3 - 5*t**2 - 4*t - 1. Let x be 168/(-40) - (-2)/10. Let i be r(x). What is the greatest common divisor of i and 7?
7
Let h be (-3 - -5)*(-30)/(-12). Suppose -n - 5*i + 78 = 0, -4*i + h + 3 = 0. Suppose -2*k + 30 = -4. What is the greatest common factor of k and n?
17
Let u(l) = l**3 - 14*l**2 + 14*l - 6. Let n be u(13). Suppose -n*v = -4*v - 351. What is the greatest common divisor of v and 13?
13
Let x = 229 + -109. Suppose -4*m + 0*m - 56 = 0. Let d be 3 + -4 - (m + 1). What is the highest common factor of x and d?
12
Let p(h) = -h + 36. Let y be p(6). What is the highest common divisor of y and 135?
15
Suppose -1 = -3*m + 44. Suppose -4*k + m = k. Let i be (5 - 2)/((-1)/(-2)). What is the greatest common divisor of k and i?
3
Let h = 15 + -11. Suppose -48 = -3*j + d, -2*j + 3*d = h*d - 37. Calculate the greatest common divisor of j and 17.
17
Let d be (-2 - -2) + 3 + 2. Suppose -2*v = -z + 2*v - 9, -21 = -2*z - d*v. What is the highest common divisor of z and 24?
3
Suppose 5*q + 2*c = 3*c + 125, -5*q + 130 = -2*c. Calculate the highest common factor of q and 264.
24
Suppose -4*b + 18 = 3*w + 4, 2*b = -w + 2. Calculate the highest common factor of 5 and w.
5
Let z(v) = 3 + v - 2*v**2 - 4*v + v**3 + 0. Suppose 2 = t - 1. Let w be z(t). What is the greatest common factor of w and 30?
3
Suppose -26 = 3*d - 284. Let w = -41 + d. What is the greatest common factor of w and 9?
9
Let n be 134/3 + 2/6. Let p be 84/49*(-140)/(-8). Calculate the highest common divisor of p and n.
15
Let g = 110 + -70. Let l be (-5)/15 - g/(-3). What is the highest common factor of 65 and l?
13
Suppose -7*t + 288 = t. Calculate the highest common divisor of t and 12.
12
Suppose 7*w + 476 = 4*b + 2*w, -5*w = -3*b + 357. Let z = b + -71. Calculate the greatest common factor of 6 and z.
6
Suppose -3*f - 48 + 15 = 0. Let z = f - -19. Suppose -5*r + 70 = p + 14, -2*r + 280 = 5*p. What is the highest common factor of z and p?
8
Suppose 2*a - a = 408. Calculate the highest common factor of 51 and a.
51
Let v(z) = 3*z**2 + z. Let n be v(-1). Suppose x + 5*b = 80, -n*x - 4*b + 160 = b. Suppose -5*u - x = -10*u. Calculate the greatest common divisor of 8 and u.
8
Let b be (2 - 15/3)/((-18)/2112). Calculate the highest common divisor of b and 32.
32
Let h(s) = -5*s - 14. Let t be h(-4). Calculate the greatest common factor of t and 4.
2
Suppose 0 = -2*z + 6 + 4, -4*p - 3*z + 103 = 0. What is the greatest common divisor of 187 and p?
11
Let f = -431 - -629. Let h be (-2)/3 - (-272)/12. Calculate the greatest common factor of h and f.
22
Suppose -97 = 3*f - 253. What is the greatest common factor of 260 and f?
52
Let f(d) = 9*d - 6. Let n be -2 - (0 + -17 + 1). Suppose -4*k - 4*y = -4, -4*k - 2*y + n = k. Let l be f(k). Calculate the highest common divisor of 6 and l.
6
Suppose 3*h = -3 + 9. Suppose -2*a - h*n - 6 = 2*a, a = 3*n + 9. Suppose -4*v + 11 = -2*m + m, -m - v + 4 = a. Calculate the greatest common divisor of 2 and m.
1
Suppose -254 = -5*x + 2*u - u, -u = -x + 54. Calculate the highest common divisor of 75 and x.
25
Suppose -225 = -6*j + 3*j. What is the highest common divisor of j and 15?
15
Suppose 0 = -5*w + 15, 8*w - 3*w = -3*h + 87. Suppose -6 = -2*m + 6. Let n(o) = -o**2 + 8*o - 9. Let g be n(m). What is the highest common factor of h and g?
3
Let a(f) = f**3 + 9*f**2 + 5*f. Let p be a(-8). Suppose 2*k + 4*t - p = 0, k - 5*t + 4 = -3*k. Let b = 41 - 39. What is the greatest common divisor of k and b?
2
Let p = -3 - -5. Suppose -4*w + 12 = -p*w. Suppose 0 = 5*x - 2*h - 142, 0 = 2*x - 3*h + 2*h - 56. Calculate the greatest common factor of x and w.
6
Suppose 402 = 5*y - 2*j, -y = -6*y - 2*j + 398. What is the greatest common factor of 10 and y?
10
Suppose b + 8 = 3*q + 3*b, 0 = -5*q - 4*b + 12. Calculate the greatest common divisor of q and 28.
4
Let h(u) = -u**2 - 5*u + 4. Let y be h(-4). Let d be -8 + y + (-17)/(-1). What is the highest common factor of 51 and d?
17
Let t(s) = -s + 7*s**2 + 9 - s**3 + 0*s + 7*s. Let d be t(8). Let j(x) = -x - 1. Let v be j(d). What is the highest common divisor of 42 and v?
6
Let o be 356/12 - 2/(-6). Let z = 39 + 40. Suppose 2*h - 4*h + 145 = -5*k, -h - 4*k = -z. Calculate the greatest common factor of h and o.
15
Let h(y) = -y**3 - 7*y**2 - 7*y + 3. Let b be h(-6). Let w = 21 - b. Calculate the highest common factor of 48 and w.
12
Suppose -8*t + 3*t + 4*c = -176, 2*c - 74 = -2*t. What is the greatest common factor of 4 and t?
4
Let y be ((-33)/12)/(1/(-36)). Calculate the highest common factor of 11 and y.
11
Let c be ((-74)/4)/((-1)/2). Let n be c - (-3 + (1 - -3)). What is the highest common factor of 9 and n?
9
Suppose -17 = -2*k - 3. Calculate the greatest common factor of 14 and k.
7
Let m = 13 + -13. Suppose 2*f - 118 = -3*h, m = -4*f - 3*h + 6*h + 272. What is the highest common divisor of f and 13?
13
Let k be 38/4 - 2/(-4). What is the greatest common factor of 10 and k?
10
Let w(t) = -11*t - 2. Let y be w(-2). Suppose 9*x = -75 + 345. Calculate the greatest common divisor of x and y.
10
Suppose l + 9 = 3*l + i, 3*i + 33 = 4*l. Calculate the greatest common factor of 24 and l.
6
Let q(u) = u**3 + 25*u**2 - 2*u - 32. Let x be q(-25). What is the highest common factor of x and 36?
18
Suppose h + 6 = 23. What is the highest common divisor of h and 68?
17
Let q be 7/((-3)/(-6) - 0). Calculate the greatest common divisor of 70 and q.
14
Let x = 10 - -56. Let b = -6 - -17. What is the highest common factor of x and b?
11
Suppose -5*y - 346 = -4*j, -4*y = -4*j + 512 - 168. What is the greatest common factor of 28 and j?
28
Suppose 4*h - 4*n = 56, 0 = 2*h - 3*n + 4*n - 28. Calculate the highest common divisor of 21 and h.
7
Suppose -4*d - 10 + 30 = 0. Let w = -8 - -1. Let u(h) = -6*h - 7. Let a be u(w). Calculate the highest common factor of a and d.
5
Suppose 2*j + 2*j - 40 = 0. Suppose s - 19 = -3*v, 7*s - 4*s + 3*v = 69. Calculate the greatest common divisor of s and j.
5
Let a be (0 - -1)*-2 + 6. Calculate the greatest common divisor of a and 4.
4
Let x(t) = 2*t**2 + 6*t + 2. Let g be x(-4). Let l = 19 + 6. Calculate the highest common factor of g and l.
5
Suppose -93 = -3*a + 3*j, 0 = 5*a - j + 2*j - 125. Calculate the highest common factor of 208 and a.
26
Let m(o) = -4*o**3 - o**2 - 4*o - 4. Let g be m(-2). Calculate the highest common factor of g and 16.
16
Let z be (480/25)/(2/10). Let t be (0/(0 - 2))/2. Suppose t = -3*m - m + 4, -k + 16 = 4*m. Calculate the highest common divisor of k and z.
12
Suppose p = -2*p + 5*c + 7, c = -p + 5. Suppose 120 = 3*k + 2*k. Suppose -4*j + 16 = -k. Calculate the highest common divisor of p and j.
2
Let r be 8 - (-1)/2*-4. Let y be (-538)/(-10) - (-1)/5. Calculate the highest common factor of r and y.
6
Let l be 5 - (21 - -4)*-1. What is the highest common factor of 6 and l?
6
Let c(t) = 9*t - 6. Let i be c(4). Suppose 0 = -5*b + 2*b + i. Let p(y) = -y - 3. Let z be p(-13). What is the highest common divisor of z and b?
10
Let p(k) = -10*k - 7. Let n be p(-4). Cal